rue
Is 4 a factor of 9776981?
False
Is 51 a factor of 60446424?
True
Is 47 a factor of 2976306?
False
Does 1336 divide 9975912?
True
Is 1618 a factor of 17335602?
False
Is 121875755 a multiple of 1163?
False
Is 3988449019 a multiple of 116?
False
Does 3 divide 352598252?
False
Is 281 a factor of 128527024?
False
Does 37 divide 913917501?
True
Is 53184868 a multiple of 10?
False
Is 86 a factor of 547590?
False
Is 458 a factor of 69342116?
True
Is 4772 a factor of 5549859860?
True
Is 111167198 a multiple of 69?
False
Does 156 divide 177941400?
True
Is 59181047 a multiple of 92?
False
Is 21 a factor of 48880387?
False
Is 41 a factor of 310612024?
False
Does 2 divide 3593128?
True
Does 241 divide 199059897?
False
Does 72 divide 94153536?
True
Is 1022589188 a multiple of 6?
False
Is 447 a factor of 752863928?
False
Is 71085513 a multiple of 24?
False
Is 67857740 a multiple of 1132?
True
Does 1285 divide 49209075?
True
Is 392887003 a multiple of 4793?
True
Does 60 divide 425259247?
False
Is 168 a factor of 66515363?
False
Does 221 divide 20789691?
True
Does 12 divide 16767744?
True
Does 25 divide 98949403?
False
Is 544724619 a multiple of 1453?
False
Is 1033 a factor of 484318951?
True
Is 9276140 a multiple of 20?
True
Is 72324289 a multiple of 1707?
False
Is 82 a factor of 734680804?
True
Is 483 a factor of 49402689?
True
Does 89 divide 135041658?
True
Does 30 divide 30128070?
True
Does 327 divide 77658903?
True
Is 64608152 a multiple of 131?
True
Does 151 divide 9596956?
True
Is 9 a factor of 132398755?
False
Is 5 a factor of 115344480?
True
Is 310203685 a multiple of 5?
True
Does 10 divide 488939261?
False
Is 515065625 a multiple of 1237?
False
Is 1261 a factor of 728990675?
False
Is 53 a factor of 11339183?
False
Is 3581 a factor of 639777879?
True
Is 71 a factor of 2342929?
True
Is 160 a factor of 1490850721?
False
Does 27 divide 411444457?
False
Is 9203386 a multiple of 11?
False
Does 13 divide 820830833?
False
Is 431 a factor of 132167012?
True
Is 67071220 a multiple of 230?
True
Does 4 divide 163702185?
False
Is 174128755 a multiple of 35?
False
Does 2 divide 16328260?
True
Is 1265337777 a multiple of 4323?
True
Is 143 a factor of 611489958?
False
Is 10 a factor of 9178366?
False
Is 183945685 a multiple of 55?
True
Is 475080 a multiple of 60?
True
Is 10 a factor of 91874960?
True
Is 267 a factor of 1751317?
False
Does 1131 divide 200978976?
False
Is 23945436 a multiple of 54?
True
Is 756 a factor of 283412304?
True
Is 10 a factor of 3499699669?
False
Is 146 a factor of 11938712?
True
Is 1732499440 a multiple of 560?
True
Does 1494 divide 38734043?
False
Is 526 a factor of 81412176?
True
Is 295660987 a multiple of 90?
False
Is 3332045 a multiple of 5?
True
Is 79241463 a multiple of 207?
True
Is 30167585 a multiple of 7?
True
Does 21 divide 2293421817?
False
Is 13264925 a multiple of 24?
False
Is 625 a factor of 12357500?
True
Is 18 a factor of 348599538?
True
Does 69 divide 1521888081?
True
Is 2253 a factor of 121400652?
True
Is 6309822 a multiple of 47?
False
Is 29068431 a multiple of 494?
False
Is 500 a factor of 659228500?
True
Is 1353 a factor of 214991975?
False
Is 39987405 a multiple of 813?
True
Does 505 divide 26159695?
False
Is 118 a factor of 60279828?
True
Is 70943593 a multiple of 217?
True
Is 409703221 a multiple of 650?
False
Is 38 a factor of 165282444?
True
Is 639 a factor of 7358493?
False
Is 1923179634 a multiple of 1422?
True
Is 59 a factor of 1994566213?
True
Is 10054560 a multiple of 403?
False
Is 15 a factor of 74987490?
True
Does 22 divide 287334850?
True
Is 485 a factor of 1300242050?
False
Does 13 divide 71507126?
False
Is 59 a factor of 554985329?
True
Is 37 a factor of 108565740?
False
Is 241 a factor of 31607976?
False
Does 143 divide 1770327988?
True
Is 8068211 a multiple of 3?
False
Is 120 a factor of 58186592?
False
Is 2411961166 a multiple of 16?
False
Is 63 a factor of 22256640?
True
Is 624 a factor of 113568000?
True
Does 20 divide 6045049220?
True
Does 106 divide 5358830?
True
Does 58 divide 556131129?
False
Does 388 divide 86560860?
True
Is 38 a factor of 2492620?
False
Is 39 a factor of 4299789?
True
Does 12 divide 2433558528?
True
Does 380 divide 19463980?
True
Is 14 a factor of 174280805?
False
Does 1489 divide 584070673?
True
Is 3616995 a multiple of 13?
False
Is 50 a factor of 277601871?
False
Is 2076 a factor of 48346356?
False
Is 151 a factor of 21621755?
False
Does 7 divide 91871654?
True
Is 125 a factor of 6109822?
False
Does 171 divide 904708674?
True
Is 28000212 a multiple of 6?
True
Does 83 divide 12017241?
False
Is 11911292 a multiple of 67?
False
Is 401326964 a multiple of 471?
False
Is 69 a factor of 871125?
True
Is 1666 a factor of 213606190?
True
Is 4 a factor of 11038849?
False
Is 490 a factor of 16479190?
True
Is 226 a factor of 66522196?
True
Is 4 a factor of 21869332?
True
Is 1316395616 a multiple of 61?
True
Is 374810226 a multiple of 399?
True
Does 207 divide 70048656?
False
Is 757194269 a multiple of 916?
False
Is 1420805 a multiple of 73?
False
Is 197 a factor of 5039512?
False
Is 2863083828 a multiple of 444?
True
Is 25 a factor of 53128358?
False
Does 12 divide 133348999?
False
Is 36 a factor of 524611760?
False
Is 221 a factor of 36310586?
False
Does 1310 divide 446534460?
True
Does 907 divide 187682192?
False
Is 12979575 a multiple of 335?
True
Is 21469070 a multiple of 8?
False
Does 18 divide 5748746599?
False
Is 3755800936 a multiple of 379?
False
Is 31395294 a multiple of 306?
True
Is 1323 a factor of 25309276?
False
Is 18 a factor of 993636?
True
Does 243 divide 28526740?
False
Is 58 a factor of 1774465599?
False
Is 166996170 a multiple of 22?
True
Is 21 a factor of 14470323?
True
Is 2566410655 a multiple of 19?
True
Does 5 divide 727899576?
False
Is 9 a factor of 102692250?
True
Does 19 divide 28926379?
True
Is 257 a factor of 10465630?
False
Does 443 divide 8347892?
True
Is 390997017 a multiple of 11?
False
Does 44 divide 221229444?
False
Is 50956430 a multiple of 1646?
False
Is 21 a factor of 159131845?
False
Is 2410775720 a multiple of 3484?
False
Is 472803315 a multiple of 2390?
False
Is 2058808466 a multiple of 70?
False
Is 883592413 a multiple of 13?
False
Is 29909633 a multiple of 73?
True
Does 171 divide 742208742?
True
Is 271945488 a multiple of 602?
False
Is 610876468 a multiple of 4698?
False
Is 34 a factor of 24697600?
True
Is 33 a factor of 101520639?
True
Is 3705 a factor of 244265130?
False
Is 2315 a factor of 31921937?
False
Is 490 a factor of 18199580?
True
Is 19 a factor of 2350250923?
True
Is 397481282 a multiple of 14?
False
Is 176 a factor of 308083?
False
Is 2813351160 a multiple of 1580?
True
Does 2 divide 80699497?
False
Does 27 divide 14192331?
False
Is 1679761 a multiple of 72?
False
Is 74 a factor of 10764854?
True
Is 2000 a factor of 469002000?
True
Is 122519208 a multiple of 21?
True
Does 68 divide 152468462?
False
Does 4 divide 201904221?
False
Does 386 divide 59911446?
True
Is 1684 a factor of 447927160?
True
Is 30 a factor of 84799980?
True
Is 286 a factor of 232878360?
True
Does 953 divide 133796569?
False
Is 31197473 a multiple of 583?
False
Is 165121044 a multiple of 4?
True
Is 859 a factor of 1712912070?
False
Is 1550288516 a multiple of 173?
False
Does 12 divide 323049984?
True
Is 52 a factor of 1401226404?
False
Does 4 divide 27208624?
True
Is 4787375 a multiple of 82?
False
Is 2753 a factor of 198627174?
False
Is 3405 a factor of 1134468153?
False
Is 177 a factor of 843123885?
False
Does 44 divide 39491948?
False
Does 1944 divide 201950012?
False
Is 12996311 a multiple of 2202?
False
Is 5979 a factor of 1295529720?
True
Is 88992716 a multiple of 404?
True
Is 1121359420 a multiple of 10?
True
Is 446644453 a multiple of 397?
True
Is 469977658 a multiple of 8?
False
Is 10511562 a multiple of 4?
False
Is 33 a factor of 147987543?
True
Is 7 a factor of 75693198?
True
Is 5 a factor of 2408253?
False
Is 729741457 a multiple of 6?
False
Does 92 divide 168640522?
False
Is 15 a factor of 22637460?
True
Does 116 divide 103694024?
True
Is 2947469430 a multiple of 95?
True
Is 4117342 a multiple of 17?
False
Is 110864512 a multiple of 8?
True
Is 6591474 a multiple of 779?
False
Is 1030844773 a multiple of 247?
False
Does 1778 divide 1052039999?